{"id":2121,"date":"2015-10-09T15:10:07","date_gmt":"2015-10-09T13:10:07","guid":{"rendered":"http:\/\/itaspertini.genialapps.eu\/?page_id=2121"},"modified":"2025-03-27T17:05:42","modified_gmt":"2025-03-27T17:05:42","slug":"presentazione","status":"publish","type":"page","link":"https:\/\/www.itaspertini.edu.it\/site\/la-scuola\/presentazione\/","title":{"rendered":"Presentazione"},"content":{"rendered":"\t\t<div data-elementor-type=\"wp-page\" data-elementor-id=\"2121\" class=\"elementor elementor-2121\" data-elementor-post-type=\"page\">\n\t\t\t\t\t\t<section class=\"has_eae_slider elementor-section elementor-top-section elementor-element elementor-element-55d143b elementor-section-boxed elementor-section-height-default elementor-section-height-default\" data-eae-slider=\"60565\" data-id=\"55d143b\" data-element_type=\"section\" data-e-type=\"section\" data-settings=\"{&quot;background_background&quot;:&quot;classic&quot;}\">\n\t\t\t\t\t\t<div class=\"elementor-container elementor-column-gap-default\">\n\t\t\t\t\t<div class=\"has_eae_slider elementor-column elementor-col-50 elementor-top-column elementor-element elementor-element-d1d8747\" data-eae-slider=\"87324\" data-id=\"d1d8747\" data-element_type=\"column\" data-e-type=\"column\">\n\t\t\t<div class=\"elementor-widget-wrap elementor-element-populated\">\n\t\t\t\t\t\t<section class=\"has_eae_slider elementor-section elementor-inner-section elementor-element elementor-element-7d3f27f elementor-section-boxed elementor-section-height-default elementor-section-height-default\" data-eae-slider=\"42197\" data-id=\"7d3f27f\" data-element_type=\"section\" data-e-type=\"section\">\n\t\t\t\t\t\t<div class=\"elementor-container elementor-column-gap-default\">\n\t\t\t\t\t<div class=\"has_eae_slider elementor-column elementor-col-100 elementor-inner-column elementor-element elementor-element-2fe73d0\" data-eae-slider=\"5788\" data-id=\"2fe73d0\" data-element_type=\"column\" data-e-type=\"column\">\n\t\t\t<div class=\"elementor-widget-wrap elementor-element-populated\">\n\t\t\t\t\t\t<div class=\"elementor-element elementor-element-486bda3 elementor-widget elementor-widget-heading\" data-id=\"486bda3\" data-element_type=\"widget\" data-e-type=\"widget\" data-widget_type=\"heading.default\">\n\t\t\t\t<div class=\"elementor-widget-container\">\n\t\t\t\t\t<h2 class=\"elementor-heading-title elementor-size-default\">Scuola<\/h2>\t\t\t\t<\/div>\n\t\t\t\t<\/div>\n\t\t\t\t<div class=\"elementor-element elementor-element-f3b5072 elementor-widget elementor-widget-heading\" data-id=\"f3b5072\" data-element_type=\"widget\" data-e-type=\"widget\" data-widget_type=\"heading.default\">\n\t\t\t\t<div class=\"elementor-widget-container\">\n\t\t\t\t\t<h2 class=\"elementor-heading-title elementor-size-default\"><a href=\"https:\/\/www.itaspertini.edu.it\/site\/la-scuola\/presentazione\/\">Presentazione<\/a><\/h2>\t\t\t\t<\/div>\n\t\t\t\t<\/div>\n\t\t\t\t<div class=\"elementor-element elementor-element-4de8a9e elementor-widget elementor-widget-heading\" data-id=\"4de8a9e\" data-element_type=\"widget\" data-e-type=\"widget\" data-widget_type=\"heading.default\">\n\t\t\t\t<div class=\"elementor-widget-container\">\n\t\t\t\t\t<h2 class=\"elementor-heading-title elementor-size-default\"><a href=\"https:\/\/www.itaspertini.edu.it\/site\/scuola\/i-luoghi\/\">I luoghi<\/a><\/h2>\t\t\t\t<\/div>\n\t\t\t\t<\/div>\n\t\t\t\t<div class=\"elementor-element elementor-element-f1cd7a2 elementor-widget elementor-widget-heading\" data-id=\"f1cd7a2\" data-element_type=\"widget\" data-e-type=\"widget\" data-widget_type=\"heading.default\">\n\t\t\t\t<div class=\"elementor-widget-container\">\n\t\t\t\t\t<h2 class=\"elementor-heading-title elementor-size-default\"><a href=\"https:\/\/www.itaspertini.edu.it\/site\/scuola\/le-persone\/\">Le persone<\/a><\/h2>\t\t\t\t<\/div>\n\t\t\t\t<\/div>\n\t\t\t\t<div class=\"elementor-element elementor-element-9929204 elementor-widget elementor-widget-heading\" data-id=\"9929204\" data-element_type=\"widget\" data-e-type=\"widget\" data-widget_type=\"heading.default\">\n\t\t\t\t<div class=\"elementor-widget-container\">\n\t\t\t\t\t<h2 class=\"elementor-heading-title elementor-size-default\"><a href=\"https:\/\/www.itaspertini.edu.it\/site\/i-numeri-della-scuola\/\">I numeri della scuola<\/a><\/h2>\t\t\t\t<\/div>\n\t\t\t\t<\/div>\n\t\t\t\t<div class=\"elementor-element elementor-element-ef29c67 elementor-widget elementor-widget-heading\" data-id=\"ef29c67\" data-element_type=\"widget\" data-e-type=\"widget\" data-widget_type=\"heading.default\">\n\t\t\t\t<div class=\"elementor-widget-container\">\n\t\t\t\t\t<h2 class=\"elementor-heading-title elementor-size-default\"><a href=\"https:\/\/www.itaspertini.edu.it\/site\/le-carte-della-scuola\/\">Le carte della scuola<\/a><\/h2>\t\t\t\t<\/div>\n\t\t\t\t<\/div>\n\t\t\t\t<div class=\"elementor-element elementor-element-d1dd114 elementor-widget elementor-widget-heading\" data-id=\"d1dd114\" data-element_type=\"widget\" data-e-type=\"widget\" data-widget_type=\"heading.default\">\n\t\t\t\t<div class=\"elementor-widget-container\">\n\t\t\t\t\t<h2 class=\"elementor-heading-title elementor-size-default\"><a href=\"https:\/\/www.itaspertini.edu.it\/site\/la-scuola\/organizzazione\/\">Organizzazione<\/a><\/h2>\t\t\t\t<\/div>\n\t\t\t\t<\/div>\n\t\t\t\t<div class=\"elementor-element elementor-element-3142de1 elementor-widget elementor-widget-heading\" data-id=\"3142de1\" data-element_type=\"widget\" data-e-type=\"widget\" data-widget_type=\"heading.default\">\n\t\t\t\t<div class=\"elementor-widget-container\">\n\t\t\t\t\t<h2 class=\"elementor-heading-title elementor-size-default\"><a href=\"https:\/\/www.itaspertini.edu.it\/site\/la-scuola\/la-storia\/\">La storia<\/a><\/h2>\t\t\t\t<\/div>\n\t\t\t\t<\/div>\n\t\t\t\t\t<\/div>\n\t\t<\/div>\n\t\t\t\t\t<\/div>\n\t\t<\/section>\n\t\t\t\t\t<\/div>\n\t\t<\/div>\n\t\t\t\t<div class=\"has_eae_slider elementor-column elementor-col-50 elementor-top-column elementor-element elementor-element-26e669c\" data-eae-slider=\"3968\" data-id=\"26e669c\" data-element_type=\"column\" data-e-type=\"column\">\n\t\t\t<div class=\"elementor-widget-wrap elementor-element-populated\">\n\t\t\t\t\t\t<div class=\"elementor-element elementor-element-610ac16 elementor-widget elementor-widget-heading\" data-id=\"610ac16\" data-element_type=\"widget\" data-e-type=\"widget\" data-widget_type=\"heading.default\">\n\t\t\t\t<div class=\"elementor-widget-container\">\n\t\t\t\t\t<h2 class=\"elementor-heading-title elementor-size-default\">L'istituto<\/h2>\t\t\t\t<\/div>\n\t\t\t\t<\/div>\n\t\t\t\t<div class=\"elementor-element elementor-element-4eb7257 elementor-widget elementor-widget-text-editor\" data-id=\"4eb7257\" data-element_type=\"widget\" data-e-type=\"widget\" data-widget_type=\"text-editor.default\">\n\t\t\t\t<div class=\"elementor-widget-container\">\n\t\t\t\t\t\t\t\t\t<p>Il \u201c<strong>Pertini &#8211; Montini &#8211; Cuoco<\/strong>\u201d \u00e8 un Istituto Superiore che trova la sua espressione in un&#8217;ampia eterogeneit\u00e0 di indirizzi, comprendendo ben quattro percorsi di studio:<\/p><p>&#8211; un <strong><em>liceo linguistico \u201cS. Pertini\u201d<\/em><\/strong>, con sede principale in via Principe di Piemonte 2\/C;<\/p><p>&#8211; un <em><strong>i<\/strong><strong>ndirizzo di istruzione tecnica \u201cS. Pertini\u201d<\/strong><\/em>, con sede in via Scardocchia e articolato in Biotecnologie ambientali e Biotecnologie sanitarie;<\/p><p>&#8211; un <em><strong>indirizzo professionale di Stato \u201cV. Cuoco\u201d<\/strong><\/em>, dall\u2019offerta formativa distinta in Web community, Odontotecnico, Socio &#8211; Sanitario;<\/p><p>&#8211; un <em><strong>professionale IPIA &#8220;L. Montini\u201d<\/strong><\/em>, con indirizzo Manutenzione e Assistenza tecnica.<\/p><p>&#8211; un <strong><em>professionale agrario<\/em><\/strong>, con sede in Viale Alessandro Manzoni 22;\u00a0<\/p><p>In tutti e cinque gli indirizzi del \u201cPertini &#8211; Montini &#8211; Cuoco\u201d la riflessione sull\u2019apprendimento \u00e8 intesa da sempre come processo dinamico di elaborazione piuttosto che come mera acquisizione di conoscenze, nella convinzione che sia meglio plasmare teste ben fatte che ben piene. \u00c8 per questo che lo studente della nostra scuola rappresenta il cuore della programmazione didattica e dell\u2019organizzazione di tutto l\u2019Istituto, poich\u00e9 viene seguito dal punto di vista educativo, scolastico e professionale, ma anche e soprattutto sotto il profilo umano.<\/p><p>L&#8217;imperativo categorico del \u201cPertini &#8211; Montini &#8211; Cuoco\u201d resta da sempre quello di rendere la scuola una comunit\u00e0 di dialogo, ricerca ed esperienza fondata su democrazia e partecipazione collettiva.<\/p><p>Negli anni, inoltre, il \u201cPertini &#8211; Montini &#8211; Cuoco\u201d \u00e8 diventato sinonimo di offerta formativa di qualit\u00e0, poich\u00e9 ha saputo integrare scienza e tecnologia, con forte enfasi sulle attivit\u00e0 laboratoriali, senza con ci\u00f2 trascurare la formazione di base umanistica e linguistica.<\/p>\t\t\t\t\t\t\t\t<\/div>\n\t\t\t\t<\/div>\n\t\t\t\t<div class=\"elementor-element elementor-element-6ed9145 elementor-widget elementor-widget-spacer\" data-id=\"6ed9145\" data-element_type=\"widget\" data-e-type=\"widget\" data-widget_type=\"spacer.default\">\n\t\t\t\t<div class=\"elementor-widget-container\">\n\t\t\t\t\t\t\t<div class=\"elementor-spacer\">\n\t\t\t<div class=\"elementor-spacer-inner\"><\/div>\n\t\t<\/div>\n\t\t\t\t\t\t<\/div>\n\t\t\t\t<\/div>\n\t\t\t\t\t<\/div>\n\t\t<\/div>\n\t\t\t\t\t<\/div>\n\t\t<\/section>\n\t\t\t\t<\/div>\n\t\t","protected":false},"excerpt":{"rendered":"<p>Scuola Presentazione I luoghi Le persone I numeri della scuola Le carte della scuola Organizzazione La storia L&#8217;istituto Il \u201cPertini &#8211; Montini &#8211; Cuoco\u201d \u00e8 un Istituto Superiore che trova la sua espressione in un&#8217;ampia eterogeneit\u00e0 di indirizzi, comprendendo ben quattro percorsi di studio: &#8211; un liceo linguistico \u201cS. Pertini\u201d, con sede principale in via [&hellip;]<\/p>\n","protected":false},"author":1,"featured_media":0,"parent":17673,"menu_order":0,"comment_status":"closed","ping_status":"closed","template":"","meta":{"footnotes":""},"class_list":["post-2121","page","type-page","status-publish","hentry"],"yoast_head":"<!-- This site is optimized with the Yoast SEO plugin v27.5 - https:\/\/yoast.com\/product\/yoast-seo-wordpress\/ -->\n<title>Presentazione - Itas Pertini<\/title>\n<meta name=\"robots\" content=\"index, follow, max-snippet:-1, max-image-preview:large, max-video-preview:-1\" \/>\n<link rel=\"canonical\" href=\"https:\/\/www.itaspertini.edu.it\/site\/la-scuola\/presentazione\/\" \/>\n<meta property=\"og:locale\" content=\"it_IT\" \/>\n<meta property=\"og:type\" content=\"article\" \/>\n<meta property=\"og:title\" content=\"Presentazione - Itas Pertini\" \/>\n<meta property=\"og:description\" content=\"Scuola Presentazione I luoghi Le persone I numeri della scuola Le carte della scuola Organizzazione La storia L&#8217;istituto Il \u201cPertini &#8211; Montini &#8211; Cuoco\u201d \u00e8 un Istituto Superiore che trova la sua espressione in un&#8217;ampia eterogeneit\u00e0 di indirizzi, comprendendo ben quattro percorsi di studio: &#8211; un liceo linguistico \u201cS. Pertini\u201d, con sede principale in via [&hellip;]\" \/>\n<meta property=\"og:url\" content=\"https:\/\/www.itaspertini.edu.it\/site\/la-scuola\/presentazione\/\" \/>\n<meta property=\"og:site_name\" content=\"Itas Pertini\" \/>\n<meta property=\"article:modified_time\" content=\"2025-03-27T17:05:42+00:00\" \/>\n<meta name=\"twitter:card\" content=\"summary_large_image\" \/>\n<meta name=\"twitter:label1\" content=\"Tempo di lettura stimato\" \/>\n\t<meta name=\"twitter:data1\" content=\"3 minuti\" \/>\n<script type=\"application\/ld+json\" class=\"yoast-schema-graph\">{\"@context\":\"https:\\\/\\\/schema.org\",\"@graph\":[{\"@type\":\"WebPage\",\"@id\":\"https:\\\/\\\/www.itaspertini.edu.it\\\/site\\\/la-scuola\\\/presentazione\\\/\",\"url\":\"https:\\\/\\\/www.itaspertini.edu.it\\\/site\\\/la-scuola\\\/presentazione\\\/\",\"name\":\"Presentazione - Itas Pertini\",\"isPartOf\":{\"@id\":\"https:\\\/\\\/www.itaspertini.edu.it\\\/site\\\/#website\"},\"datePublished\":\"2015-10-09T13:10:07+00:00\",\"dateModified\":\"2025-03-27T17:05:42+00:00\",\"breadcrumb\":{\"@id\":\"https:\\\/\\\/www.itaspertini.edu.it\\\/site\\\/la-scuola\\\/presentazione\\\/#breadcrumb\"},\"inLanguage\":\"it-IT\",\"potentialAction\":[{\"@type\":\"ReadAction\",\"target\":[\"https:\\\/\\\/www.itaspertini.edu.it\\\/site\\\/la-scuola\\\/presentazione\\\/\"]}]},{\"@type\":\"BreadcrumbList\",\"@id\":\"https:\\\/\\\/www.itaspertini.edu.it\\\/site\\\/la-scuola\\\/presentazione\\\/#breadcrumb\",\"itemListElement\":[{\"@type\":\"ListItem\",\"position\":1,\"name\":\"Home\",\"item\":\"https:\\\/\\\/www.itaspertini.edu.it\\\/site\\\/\"},{\"@type\":\"ListItem\",\"position\":2,\"name\":\"La scuola\",\"item\":\"https:\\\/\\\/www.itaspertini.edu.it\\\/site\\\/la-scuola\\\/\"},{\"@type\":\"ListItem\",\"position\":3,\"name\":\"Presentazione\"}]},{\"@type\":\"WebSite\",\"@id\":\"https:\\\/\\\/www.itaspertini.edu.it\\\/site\\\/#website\",\"url\":\"https:\\\/\\\/www.itaspertini.edu.it\\\/site\\\/\",\"name\":\"Itas Pertini\",\"description\":\"Sito Istituzionale Itas Pertini\",\"potentialAction\":[{\"@type\":\"SearchAction\",\"target\":{\"@type\":\"EntryPoint\",\"urlTemplate\":\"https:\\\/\\\/www.itaspertini.edu.it\\\/site\\\/?s={search_term_string}\"},\"query-input\":{\"@type\":\"PropertyValueSpecification\",\"valueRequired\":true,\"valueName\":\"search_term_string\"}}],\"inLanguage\":\"it-IT\"}]}<\/script>\n<!-- \/ Yoast SEO plugin. -->","yoast_head_json":{"title":"Presentazione - Itas Pertini","robots":{"index":"index","follow":"follow","max-snippet":"max-snippet:-1","max-image-preview":"max-image-preview:large","max-video-preview":"max-video-preview:-1"},"canonical":"https:\/\/www.itaspertini.edu.it\/site\/la-scuola\/presentazione\/","og_locale":"it_IT","og_type":"article","og_title":"Presentazione - Itas Pertini","og_description":"Scuola Presentazione I luoghi Le persone I numeri della scuola Le carte della scuola Organizzazione La storia L&#8217;istituto Il \u201cPertini &#8211; Montini &#8211; Cuoco\u201d \u00e8 un Istituto Superiore che trova la sua espressione in un&#8217;ampia eterogeneit\u00e0 di indirizzi, comprendendo ben quattro percorsi di studio: &#8211; un liceo linguistico \u201cS. Pertini\u201d, con sede principale in via [&hellip;]","og_url":"https:\/\/www.itaspertini.edu.it\/site\/la-scuola\/presentazione\/","og_site_name":"Itas Pertini","article_modified_time":"2025-03-27T17:05:42+00:00","twitter_card":"summary_large_image","twitter_misc":{"Tempo di lettura stimato":"3 minuti"},"schema":{"@context":"https:\/\/schema.org","@graph":[{"@type":"WebPage","@id":"https:\/\/www.itaspertini.edu.it\/site\/la-scuola\/presentazione\/","url":"https:\/\/www.itaspertini.edu.it\/site\/la-scuola\/presentazione\/","name":"Presentazione - Itas Pertini","isPartOf":{"@id":"https:\/\/www.itaspertini.edu.it\/site\/#website"},"datePublished":"2015-10-09T13:10:07+00:00","dateModified":"2025-03-27T17:05:42+00:00","breadcrumb":{"@id":"https:\/\/www.itaspertini.edu.it\/site\/la-scuola\/presentazione\/#breadcrumb"},"inLanguage":"it-IT","potentialAction":[{"@type":"ReadAction","target":["https:\/\/www.itaspertini.edu.it\/site\/la-scuola\/presentazione\/"]}]},{"@type":"BreadcrumbList","@id":"https:\/\/www.itaspertini.edu.it\/site\/la-scuola\/presentazione\/#breadcrumb","itemListElement":[{"@type":"ListItem","position":1,"name":"Home","item":"https:\/\/www.itaspertini.edu.it\/site\/"},{"@type":"ListItem","position":2,"name":"La scuola","item":"https:\/\/www.itaspertini.edu.it\/site\/la-scuola\/"},{"@type":"ListItem","position":3,"name":"Presentazione"}]},{"@type":"WebSite","@id":"https:\/\/www.itaspertini.edu.it\/site\/#website","url":"https:\/\/www.itaspertini.edu.it\/site\/","name":"Itas Pertini","description":"Sito Istituzionale Itas Pertini","potentialAction":[{"@type":"SearchAction","target":{"@type":"EntryPoint","urlTemplate":"https:\/\/www.itaspertini.edu.it\/site\/?s={search_term_string}"},"query-input":{"@type":"PropertyValueSpecification","valueRequired":true,"valueName":"search_term_string"}}],"inLanguage":"it-IT"}]}},"_links":{"self":[{"href":"https:\/\/www.itaspertini.edu.it\/site\/wp-json\/wp\/v2\/pages\/2121","targetHints":{"allow":["GET"]}}],"collection":[{"href":"https:\/\/www.itaspertini.edu.it\/site\/wp-json\/wp\/v2\/pages"}],"about":[{"href":"https:\/\/www.itaspertini.edu.it\/site\/wp-json\/wp\/v2\/types\/page"}],"author":[{"embeddable":true,"href":"https:\/\/www.itaspertini.edu.it\/site\/wp-json\/wp\/v2\/users\/1"}],"replies":[{"embeddable":true,"href":"https:\/\/www.itaspertini.edu.it\/site\/wp-json\/wp\/v2\/comments?post=2121"}],"version-history":[{"count":0,"href":"https:\/\/www.itaspertini.edu.it\/site\/wp-json\/wp\/v2\/pages\/2121\/revisions"}],"up":[{"embeddable":true,"href":"https:\/\/www.itaspertini.edu.it\/site\/wp-json\/wp\/v2\/pages\/17673"}],"wp:attachment":[{"href":"https:\/\/www.itaspertini.edu.it\/site\/wp-json\/wp\/v2\/media?parent=2121"}],"curies":[{"name":"wp","href":"https:\/\/api.w.org\/{rel}","templated":true}]}}